= -20*o - 36. Let f be k(-8). Let d = 215 - f. What is the units digit of d?
1
Let p(l) = l**2 + 2*l. Let m be p(-4). Let v(d) = 16*d - 37. What is the tens digit of v(m)?
9
Let d = -599 - -901. What is the units digit of d?
2
What is the tens digit of 569/4*96/(1 - -3)?
1
Let b(w) = -w**3 + 7*w**2 + 8*w + 10. Let m be (-4)/14 + (-408)/(-56). What is the tens digit of b(m)?
6
Let r(k) = 414*k + 23. What is the hundreds digit of r(1)?
4
Let o = 49 - 101. Let n = 151 + o. What is the units digit of n?
9
Suppose 2*j + 8 = -6. Let r(h) = 3 + 7*h + h**2 - 2 - h. What is the units digit of r(j)?
8
Suppose 5*z = 19 - 4. Let t = z - 8. What is the units digit of 7 + (-3 - t)*-1?
5
Suppose -d + 11 = 13. Let b be (-21)/(-35)*(d - -7). Suppose -5*m = -3*c + 100, 4*c - 113 - 1 = -b*m. What is the tens digit of c?
3
Let g be 2/4*18 + (-2)/2. Suppose 120 + 16 = g*m. What is the tens digit of m?
1
Let c(y) = -y**3 + 19*y**2 + 19*y + 6. Let b be c(20). What is the tens digit of 469*(-3 - 46/b)?
3
Let o = -108 - -53. What is the tens digit of 2/(-5) - 3707/o?
6
Suppose 5*p + 0*p + j - 53 = 0, 6 = -3*j. Suppose 6*o - p*o = -60. What is the tens digit of o?
1
Let v(m) = -1188*m + 12. What is the thousands digit of v(-1)?
1
Let f = 40 - 3. Suppose 4*i + f - 165 = 0. Let o = -4 + i. What is the tens digit of o?
2
Let p(m) be the first derivative of -m**4/4 + 7*m**3/3 + 5*m**2 - 14*m + 11. Let g be p(8). Let x(s) = 9*s**2 + s + 2. What is the tens digit of x(g)?
4
Let k(u) = u**3 + 8*u**2 + 9*u - 3. Let q be k(-5). What is the units digit of (-54)/(q/(-78) + (-2)/13)?
8
Let u(k) = 4*k**2 + k - 8. Let j be u(4). What is the units digit of (2 - (-6)/(-8))*j?
5
Let c(q) = q + 4. Let n be c(-7). Let z be (15/10)/(n/16). Let d(w) = w**2 + 6*w - 10. What is the units digit of d(z)?
6
Suppose 3*s + 19*r - 2377 = 14*r, 2*r + 807 = s. What is the hundreds digit of s?
7
Let f(l) = -l**3 - 10*l**2 + 21*l - 21. Let w be f(-12). Suppose -5*j = 3*u - 102, -2*u + w = -3*j - 72. What is the units digit of u?
9
Let y(g) = -g**2 + 17*g - 13. Let f be y(16). Suppose a = f*a - 4. Suppose -a*n - 2*x = 0, -n - 3*x = -5*x - 3. What is the units digit of n?
1
Let y be -5 - ((-7)/(-1) + -4). What is the tens digit of (252/y)/(-7)*6/1?
2
Let l(f) = 5*f**2 - 11*f - 9. Let w(r) = -3*r**2 + 7*r + 6. Let p(v) = 5*l(v) + 8*w(v). What is the units digit of p(6)?
5
Let u(i) = 6*i**3 - 11*i**2 + 15*i - 13. Let z(b) = 7*b**3 - 10*b**2 + 15*b - 13. Let v(h) = -6*u(h) + 5*z(h). What is the tens digit of v(15)?
1
Suppose 0 = -5*m, 2*y - 6*y = -5*m. Suppose 0*q + q = -4*i + 254, y = -3*q + 3*i + 777. What is the hundreds digit of q?
2
Let w(v) be the second derivative of 4/3*v**3 - 11*v + 0 + 3/2*v**2. What is the tens digit of w(6)?
5
What is the tens digit of 2 - 3720/(-1 + -5)?
2
Suppose 15*n - 620 = 11*n. Let m = -31 + n. What is the hundreds digit of m?
1
Suppose 2*c - 7*c = -250. Let m = 13 + c. What is the units digit of m?
3
Let l = -356 - -749. What is the units digit of l?
3
Let d(s) = 1224*s**2 - 2*s - 2. What is the units digit of d(1)?
0
Suppose 0 = 3*n + n - 120. Suppose b = v - 11, 4*b = 3*v - v - 20. Suppose -n = -r + v. What is the units digit of r?
2
What is the hundreds digit of 2/1 - (-224 + -2)?
2
Let n = 351 - -147. What is the hundreds digit of n?
4
Let g(z) = 3*z + 6. Let c(p) = -p**2 + 8*p - 6. Let x be c(3). What is the units digit of g(x)?
3
Let r = 12 + -21. What is the tens digit of (14 - 9)*(1 - r)?
5
Suppose -50 = h + 5*y - 122, 300 = 5*h + 5*y. Suppose 3*i = i + 2*d + 2, -3*i = 5*d - 11. Suppose -i = 5*n - h. What is the units digit of n?
1
Let r = -86 - -68. Let b(d) = d**3 + 17*d**2 - 20*d + 2. What is the tens digit of b(r)?
3
Let u(w) = 50*w**3 + w**2 - 1. Let x be u(1). Suppose -8 = -n + x. What is the units digit of n?
8
Let b = 40 + 257. What is the tens digit of b?
9
Suppose -649 = -2*u + 5*m, 2*u - 620 - 2 = -4*m. What is the units digit of u?
7
Let d = 217 - 88. Suppose -3*u + d = -0*u. What is the tens digit of u?
4
Suppose 20*i - 3*l - 6098 = 15*i, 0 = -4*i + 2*l + 4878. What is the thousands digit of i?
1
Suppose -30*g + 3*n = -26*g - 457, -2*g + 2*n = -228. What is the hundreds digit of g?
1
Let w(b) be the first derivative of -b**3/3 - 5*b**2/2 + 2*b + 1. Let a be w(-3). What is the units digit of ((-6)/9)/(a/(-12))?
1
Let a(r) = 7*r + 73. What is the tens digit of a(8)?
2
Suppose -18*k = -17*k. Suppose 2*l + 6 + 0 = 3*p, -l - p = -2. Suppose l = -4*c - k + 52. What is the tens digit of c?
1
Let a(g) = 131*g**2 + 2*g - 2. What is the units digit of a(-1)?
7
Let k = -3 - -7. Suppose k*g = -100 + 428. Suppose 3*y - 319 = -y + q, -g = -y - 2*q. What is the units digit of y?
0
Let a = 8345 - 3518. What is the hundreds digit of a?
8
Let b(o) = -o + 3*o + 0*o**3 + o**3 - 6*o**2 - 2. Let q(v) = v**2 + 7*v - 2. Let a be q(-8). What is the units digit of b(a)?
0
Let d(w) = w**2 - 6*w. Let c be d(7). Let x = -1 + 4. Suppose k + x = c. What is the units digit of k?
4
Let w(o) = 2*o + 4. What is the units digit of w(20)?
4
Let w(u) = u**2 + 13*u - 184. What is the hundreds digit of w(-39)?
8
Let p = 22 - 17. Suppose 2*o - 1 = p. Suppose 0 = a - o*a + 20. What is the units digit of a?
0
Let z(r) = -583*r - 73. What is the tens digit of z(-6)?
2
What is the tens digit of (-6734)/(-52)*72/14?
6
Suppose z = 3*t - 406, 0 = 5*t + 4*z - 65 - 623. Suppose -5*s = -416 + t. Suppose -r + s = r. What is the units digit of r?
8
Suppose -5*v + 25 = -n, n = 3*v - n - 15. Suppose -v*q - 264 = -3*o - 91, -2*q = o - 76. Suppose -w + 3*w = o. What is the units digit of w?
3
What is the tens digit of (-11)/(-11)*(185 + 2)?
8
Let k be -2*(-38)/(-8)*12/(-6). Let y(v) = 2*v - 1. Let o be y(-6). Let a = k + o. What is the units digit of a?
6
Suppose 7*y - 33 - 16 = 0. Suppose 2*f + 4*b = 19 - 5, 5*f - 28 = -3*b. Suppose -5*z + o = 5*o - 140, z + f*o - y = 0. What is the units digit of z?
2
Let j(m) = m + 5. Let v be j(-8). Let t be ((5 - v)/(-2))/(-1). Suppose -2*o = -2*c + 28, 59 = t*c - 2*o - o. What is the units digit of c?
7
Suppose -27*x + 15*x - 24 = 0. Let t(r) be the third derivative of 17*r**5/60 - r**4/24 - r**3/3 + r**2. What is the tens digit of t(x)?
6
Let d(h) = -h - 1. Let j be d(0). What is the tens digit of 1 - ((-180)/(-5))/j?
3
Let u be (4/8 + 0)/((-1)/(-958)). Suppose 4*p - u = p + 2*c, -5*p = -3*c - 800. What is the units digit of p?
3
Let l be (-10)/(-3)*96/(-40). Let o = -18 - l. Let b = 21 - o. What is the units digit of b?
1
What is the hundreds digit of ((-15)/10 - 0) + 3429/6?
5
Suppose 34*k - 7209 = 7*k. What is the hundreds digit of k?
2
Suppose g - 15 = -2*g. Suppose 0 = g*a - 25 + 90. Let y(c) = c**2 + 14*c + 19. What is the units digit of y(a)?
6
Let v(t) = t**2 + 3*t - 7. Let o be v(8). Let z = o - 5. What is the units digit of z?
6
Suppose 0 = -4*c + 1698 - 474. Suppose 3*i - 2*n - c = 2*n, -i = -n - 102. What is the hundreds digit of i?
1
Let w(j) = -4*j + 142. What is the tens digit of w(17)?
7
What is the units digit of 24680/(-6)*(60/(-24) + 1)?
0
Let l = -187 + 4555. What is the hundreds digit of l?
3
Let c = 0 - 0. Suppose c*p - 224 = -4*p. What is the tens digit of p?
5
Suppose l = -4*l + 10. Suppose -4*i + g = l*g - 17, -i - g = -5. Suppose i*c = c + 3. What is the units digit of c?
1
Let z = -1 + 2. Let t be 3/(z/1) + -4. Let x(o) = -16*o. What is the units digit of x(t)?
6
Let v(d) = d**2 - 21*d + 54. Let b be v(18). What is the hundreds digit of 8/((-24)/(-447))*(b - -1)?
1
Let g(t) = -t - 9. Let w be g(0). Let s = -5 - w. Suppose 0 = 4*j - s*o - 36, 7*j - 2*j = -o + 33. What is the units digit of j?
7
Suppose 0 = -3*p + p + 6. Suppose 0 = v - 2*v + 2*y - 16, p*v + 2*y = -32. Let n = v + 28. What is the tens digit of n?
1
Suppose 4*l = 2*q + 1278, 3*q - 10 = q. What is the units digit of l?
2
Let x be (-10)/15*12 - 1. What is the units digit of 62*-3*(-1 + (-6)/x)?
2
Let t be (0 + 1)*1*3. Suppose -t*l = 3*x - 29 + 8, -l - 4*x + 22 = 0. What is the tens digit of 3/l + 413/14?
3
Suppose 0 = -3*q + 13 - 4. Suppose 0 = q*w + w - 16. Let x = w + 8. What is the units digit of x?
2
Let m(j) = 13*j. Let z be m(1). Let c = z - 8. Suppose c*y = 90 + 105. What is the tens digit of y?
3
Let m be 54 + 2/(8/12). Suppose 0 = 4*p - 7*p + m. What is the tens d